Let h(n) = 91*n**2 + 758*n + 9. Let w be h(-9). Calculate the greatest common factor of 90 and w.
18
Let q = 23543 + -23411. What is the greatest common divisor of q and 2100?
12
Suppose -3*m + 4*a + 1379 = 72, -5*a - 1744 = -4*m. What is the highest common divisor of m and 245?
49
Let y(w) be the third derivative of w**4/6 - 47*w**3/6 - 12*w**2. Let l be y(16). Suppose -8*b + 10*b - 136 = 0. What is the highest common factor of b and l?
17
Let j = -9 + -7. Let b = j + 22. Suppose b*r = -2*r + 32. What is the greatest common factor of r and 10?
2
Suppose 3*o = 25 + 20. Let g = o - 6. Let y(m) = -m**2 + 9*m + 6. Let v be y(g). What is the greatest common factor of v and 4?
2
Let l(f) = -2*f**2 + 201*f - 2018. Let g be l(88). Calculate the highest common divisor of g and 77714.
182
Suppose 6*m = 31 - 1. Suppose m*u = 3*u + 46. Let j = 29 + -6. Calculate the greatest common divisor of u and j.
23
Suppose 12*o = 14*o - 920. Suppose -3*z + z = -o. What is the highest common divisor of 92 and z?
46
Let v = 25 + -13. Let t = v + -27. Let b = 27 + t. What is the greatest common factor of b and 12?
12
Let f be 6928/72 + (-4)/18. Let v be (f/(-60))/((-2)/30). Calculate the highest common factor of 192 and v.
24
Let z = -9610 - -9700. Calculate the highest common factor of 666 and z.
18
Let h = 101 + -87. Suppose p = 2*b + 5*p - 64, 0 = -b + 4*p + h. Let m = 37 + -24. What is the greatest common divisor of m and b?
13
Suppose -29*h + 372 = 7*h - 5*h. What is the greatest common factor of 768 and h?
12
Let r be ((-952)/(-70) + -14)*-5. What is the highest common divisor of r and 431?
1
Let w be (1 - -4)*(2 + -1). Let x = 99 + -26. Suppose 37 + x = 2*a. What is the greatest common factor of a and w?
5
Let l = -357 - -269. Let w = 145 + l. Calculate the highest common divisor of 589 and w.
19
Let n(l) = -l**3 - 4*l + 66. Let i be n(0). Let u = i + -60. Calculate the highest common factor of u and 78.
6
Let n = 150 + 14. Let q = n + -154. What is the greatest common divisor of q and 250?
10
Let d(j) = -27*j**2 - 4*j + 5*j - 11*j**3 + 1 + 28*j**2. Let v be d(-1). Let f be (-6)/v*(1 + 3) + 10. What is the greatest common factor of 1 and f?
1
Let s = 40 + -39. Let f be (-23)/(s/2*-2). Suppose 43 = 2*p - 3*b, 6*b - 22 = -p + 7*b. What is the highest common divisor of p and f?
23
Let s be 89 - (-2 - (-3)/3). Let k = 4379 - 4377. Suppose 6*z - s = z + p, 5*p - 9 = -k*z. What is the highest common divisor of z and 17?
17
Suppose q = 18*a - 19*a + 97, -2*q - a = -198. Suppose -107*g = -q*g - 480. Suppose 2*f - 42 = 22. What is the greatest common factor of g and f?
16
Let h(k) = -1755*k + 1399. Let s be h(-1). Calculate the highest common divisor of 266 and s.
38
Let d(f) = f**2 - 12*f + 18. Suppose -3*t + t - 2*k = -6, -4*k + 12 = -4*t. Let j be d(t). Calculate the greatest common factor of 576 and j.
18
Suppose 30*r - 33130 = -18*r + 210518. Calculate the highest common factor of 47 and r.
47
Suppose 5*z - 69 = -3*c, -34*z - 3*c - 3 = -35*z. What is the greatest common divisor of z and 129?
3
Let w(u) = 14*u**2 + 125*u - 4. Let y be w(-9). Suppose 3*a - 604 = 5*n, -y*n = -3 - 17. What is the greatest common factor of a and 13?
13
Let b be 216/15 + (-2)/5. Let c be 1113/106*104/12. Calculate the greatest common factor of c and b.
7
Let c(i) = 11*i + 16. Let f(h) = -h + 2. Let o(a) = -3*c(a) + 15*f(a). Let b be o(-2). Calculate the highest common divisor of b and 12.
6
Suppose 9*p + 3*h = 2712, 2*p = 4*h + 511 + 59. Calculate the greatest common divisor of 713 and p.
23
Suppose -12*u = -28*u + 144. Let q(k) = -159*k - 3. Let r be q(-5). Calculate the highest common factor of r and u.
9
Suppose 3*l - 47 = -3*h + 28, 4*l = -2*h + 94. Calculate the greatest common divisor of 20 and l.
2
Suppose -6451 = -5*s - 3*y, 2*s - 3756 = -2*y - 1178. Calculate the greatest common divisor of 204 and s.
68
Let s be -3 - (-68)/10*(-96 + 111). Calculate the highest common divisor of 477 and s.
9
Let p be ((-14)/6 - 826/(-210))/((-8)/(-150)). What is the greatest common divisor of 2280 and p?
30
Suppose 23*f + 1326 = 24*f. Let m be 1/3 + f/18 + 4. Calculate the greatest common factor of 780 and m.
78
Suppose -2*m + 51 = m. Let j be 53650/450 + 4/(-22) + 4/(-99). What is the highest common divisor of m and j?
17
Let m(o) = o**2 + 55*o - 1564. Let b be m(22). Calculate the greatest common factor of b and 520.
130
Let x = -219 + 167. Let d be ((3 - 2) + -2)*3276/x. What is the highest common divisor of 567 and d?
63
Suppose 20895 = 6*h + h - 19502. Calculate the highest common factor of 199 and h.
199
Let b = -304 - -312. Suppose 0 = -b*n - n + 378. Calculate the highest common factor of n and 63.
21
Let x = -611 + 757. Suppose 7*l = -x + 1616. What is the highest common divisor of l and 126?
42
Let z = 9936 - 9916. What is the highest common divisor of 640 and z?
20
Suppose 0 = -63*o + 3327 - 681. What is the highest common factor of 861 and o?
21
Let h = 113 - 95. Suppose q + 1 - 6 = 0. Suppose 0 = 7*t - 2*t + q*l - 10, 0 = 5*t - 2*l - 10. What is the highest common divisor of h and t?
2
Let d be ((-1)/2)/((-59)/(-20) - 3). Suppose -4*m = -c - d, 3*m = -5*c + 2*m + 34. Calculate the greatest common factor of c and 9.
3
Let p be 10 + (-24 - -13) + (37 - -3). What is the highest common divisor of p and 7683?
39
Let h(c) = -c**3 + 7*c**2 + 3*c - 49. Let a be h(6). Suppose 5*s = 3*d - 35, 0 = -5*d + a*s + 8 + 37. What is the greatest common factor of 20 and d?
5
Let m be 39/(-2)*((6 - 10 - 1) + -1). What is the greatest common factor of m and 45?
9
Let j be (208/72)/((-14)/(-10521)). Calculate the highest common factor of 334 and j.
167
Let k be (-3984)/415*10/(-3). Suppose k = -3*n + 908. Calculate the greatest common factor of 4 and n.
4
Suppose -2*x = 2*x - 3*v - 771, 3*x - 573 = -3*v. Let n = -1998 + 2046. Calculate the greatest common factor of x and n.
48
Suppose 0 = 3*r - 4*w + 621, -2*w - 850 = 4*r - 0*r. Let i = r - -219. What is the greatest common factor of i and 1?
1
Let p(l) = -40*l + 2122. Let f be p(51). Let j(n) = 6*n**2 - 2*n + 9. Let z be j(7). Let w = 412 - z. What is the greatest common divisor of w and f?
41
Let u = -9989 + 11011. Calculate the greatest common divisor of u and 2.
2
Let s(i) = -i**3 - 6*i**2 - 14*i - 8. Suppose -135 + 155 = -5*b. Let j be s(b). What is the highest common divisor of j and 304?
16
Suppose 0 = 2*a + a - 4*d - 14, d = -5*a + 8. Suppose -2*x = t - 20, 5*t - a*x - 60 = t. Calculate the greatest common factor of 16 and t.
16
Let x(w) = w**3 - 2*w**2 + 4*w - 3. Let k be x(3). Suppose 23*b - k*b - 150 = 0. What is the highest common divisor of 48 and b?
6
Let h = -247 + 249. Suppose 4*i + i + 3*o - 68 = 0, -2*o = -h*i + 40. What is the greatest common factor of i and 64?
16
Let h(p) = -11*p**2 + 0*p + 913 - 459 - 442 + p**3 - p. Let m be h(11). Calculate the highest common factor of 4 and m.
1
Let d(a) = a**2 - 2. Let c be d(-8). Suppose 411*s + 13345 - 28007 - 100007 = 0. What is the greatest common factor of c and s?
31
Let g = 1094 - 170. Let u = g + -781. What is the highest common divisor of u and 39?
13
Let t(b) = -127*b - 387. Let x be t(-16). Calculate the highest common divisor of 175 and x.
35
Let u(i) = i**2 - 2*i - 3. Let h be u(-1). Suppose h = 5*k + 16 - 106. Suppose 1008 = -4*l + 11*l. Calculate the greatest common factor of l and k.
18
Let g be 5 - 972/(-15) - 2/(-10). Suppose 0 = g*j - 76*j + 1950. What is the highest common divisor of j and 25?
25
Let m = -241 - -349. Suppose -975 = -639*t + 5498 - 722. Calculate the highest common factor of t and m.
9
Suppose 564*i = -482*i + 92238 + 66967 - 34731. Let v be (3/(-4))/((-2)/136). Calculate the greatest common divisor of i and v.
17
Let q = 141 - 112. Let a be ((-33)/(-22))/(6/8)*q. What is the greatest common divisor of 522 and a?
58
Suppose 0*y + 84 = 4*y - 3*d, -2*d = 3*y - 80. Let s be (5 + -3 - -471)*1. Suppose -5*r + 487 = -s. What is the greatest common divisor of y and r?
24
Suppose -5*d + 45 = -21*w + 26*w, 6*w - 4*d - 114 = 0. Calculate the greatest common factor of 435 and w.
15
Suppose 3*h - 3*v = 8*h - 28083, 3*h - 16845 = 3*v. Calculate the greatest common divisor of h and 832.
208
Let h be (588/(-70))/(16/(-120)). What is the highest common factor of 1152 and 